{"id":365,"date":"2025-03-01T22:29:50","date_gmt":"2025-03-01T22:29:50","guid":{"rendered":"https:\/\/simecautomation.com\/?page_id=365"},"modified":"2025-03-19T15:45:38","modified_gmt":"2025-03-19T15:45:38","slug":"bienvenido-a-la-revolucion-industrial-4-0-con-symmetric","status":"publish","type":"page","link":"https:\/\/simecautomation.com\/index.php\/bienvenido-a-la-revolucion-industrial-4-0-con-symmetric\/","title":{"rendered":"\u00a1Bienvenido a la Revoluci\u00f3n Industrial 4.0 con SYMMETRIC!"},"content":{"rendered":"\t\t<div data-elementor-type=\"wp-page\" data-elementor-id=\"365\" class=\"elementor elementor-365\">\n\t\t\t\t<div class=\"elementor-element elementor-element-83ecea0 e-flex e-con-boxed e-con e-parent\" data-id=\"83ecea0\" data-element_type=\"container\">\n\t\t\t\t\t<div class=\"e-con-inner\">\n\t\t\t\t<div class=\"elementor-element elementor-element-e84905b elementor-widget elementor-widget-text-editor\" data-id=\"e84905b\" data-element_type=\"widget\" data-widget_type=\"text-editor.default\">\n\t\t\t\t<div class=\"elementor-widget-container\">\n\t\t\t\t\t\t\t\t\t<h4 data-start=\"364\" data-end=\"441\"><strong data-start=\"364\" data-end=\"441\">Transforma tu industria con nuestra soluci\u00f3n modular avanzada: <span style=\"color: #ee1000;\">SYMMETRIC.<\/span><\/strong><\/h4><p data-start=\"443\" data-end=\"662\">SYMMETRIC es una plataforma desarrollada internamente que te permite optimizar y transformar tu proceso de producci\u00f3n. Con sus herramientas innovadoras, tu empresa podr\u00e1 alcanzar nuevos niveles de eficiencia y control.<\/p><h4 data-start=\"664\" data-end=\"706\">Herramientas clave para tu industria:<\/h4><ul data-start=\"708\" data-end=\"1478\"><li data-start=\"708\" data-end=\"824\"><strong data-start=\"710\" data-end=\"741\">Trazabilidad en tiempo real<\/strong>: Conoce el estado de cada proceso de producci\u00f3n de manera instant\u00e1nea y detallada.<\/li><li data-start=\"825\" data-end=\"939\"><strong data-start=\"827\" data-end=\"858\">Control total de producci\u00f3n<\/strong>: Toma decisiones basadas en datos para maximizar tu rendimiento y productividad.<\/li><li data-start=\"940\" data-end=\"1066\"><strong data-start=\"942\" data-end=\"968\">Matrimonio de procesos<\/strong>: Sincroniza y optimiza los diferentes flujos de trabajo para mejorar la colaboraci\u00f3n entre \u00e1reas.<\/li><li data-start=\"1067\" data-end=\"1197\"><strong data-start=\"1069\" data-end=\"1097\">Mantenimiento predictivo<\/strong>: Anticipa problemas antes de que ocurran, reduciendo tiempos de inactividad y costos de reparaci\u00f3n.<\/li><li data-start=\"1198\" data-end=\"1349\"><strong data-start=\"1200\" data-end=\"1235\">Monitoreo de estado de m\u00e1quinas<\/strong>: Visualiza el rendimiento de tus equipos de manera continua para mantener todo funcionando a su m\u00e1ximo potencial.<\/li><li data-start=\"1350\" data-end=\"1478\"><strong data-start=\"1352\" data-end=\"1375\">Control de rechazos<\/strong>: Minimiza desperdicios y mejora la calidad de tus productos con un control preciso sobre los rechazos.<\/li><\/ul>\t\t\t\t\t\t\t\t<\/div>\n\t\t\t\t<\/div>\n\t\t\t\t\t<\/div>\n\t\t\t\t<\/div>\n\t\t<div class=\"elementor-element elementor-element-8cd241e e-flex e-con-boxed e-con e-parent\" data-id=\"8cd241e\" data-element_type=\"container\">\n\t\t\t\t\t<div class=\"e-con-inner\">\n\t\t<div class=\"elementor-element elementor-element-6dec7fe e-con-full e-flex e-con e-child\" data-id=\"6dec7fe\" data-element_type=\"container\">\n\t\t\t\t<div class=\"elementor-element elementor-element-f84b9c3 elementor-widget elementor-widget-text-editor\" data-id=\"f84b9c3\" data-element_type=\"widget\" data-widget_type=\"text-editor.default\">\n\t\t\t\t<div class=\"elementor-widget-container\">\n\t\t\t\t\t\t\t\t\t<h3 data-start=\"1485\" data-end=\"1515\">\u00bfPor qu\u00e9 elegir SYMMETRIC?<\/h3><ul data-start=\"1517\" data-end=\"1826\"><li data-start=\"1517\" data-end=\"1602\"><strong data-start=\"1519\" data-end=\"1539\">Soluci\u00f3n Modular<\/strong>: Adapta y personaliza SYMMETRIC a tus necesidades espec\u00edficas.<\/li><li data-start=\"1603\" data-end=\"1716\"><strong data-start=\"1605\" data-end=\"1622\">Escalabilidad<\/strong>: Desde peque\u00f1as plantas hasta grandes f\u00e1bricas, nuestra herramienta crece junto a tu negocio.<\/li><li data-start=\"1717\" data-end=\"1826\"><strong data-start=\"1719\" data-end=\"1743\">F\u00e1cil Implementaci\u00f3n<\/strong>: Te ayudamos a integrar SYMMETRIC de manera sencilla en tu infraestructura actual.<\/li><\/ul>\t\t\t\t\t\t\t\t<\/div>\n\t\t\t\t<\/div>\n\t\t\t\t<\/div>\n\t\t<div class=\"elementor-element elementor-element-8b53c5c e-con-full e-flex e-con e-child\" data-id=\"8b53c5c\" data-element_type=\"container\">\n\t\t\t\t<div class=\"elementor-element elementor-element-2311a44 elementor-widget elementor-widget-image\" data-id=\"2311a44\" data-element_type=\"widget\" data-widget_type=\"image.default\">\n\t\t\t\t<div class=\"elementor-widget-container\">\n\t\t\t\t\t\t\t\t\t\t\t\t\t\t\t<img fetchpriority=\"high\" decoding=\"async\" width=\"768\" height=\"1024\" src=\"https:\/\/simecautomation.com\/wp-content\/uploads\/2025\/02\/4-768x1024.jpeg\" class=\"attachment-large size-large wp-image-12\" alt=\"\" srcset=\"https:\/\/simecautomation.com\/wp-content\/uploads\/2025\/02\/4-768x1024.jpeg 768w, https:\/\/simecautomation.com\/wp-content\/uploads\/2025\/02\/4-225x300.jpeg 225w, https:\/\/simecautomation.com\/wp-content\/uploads\/2025\/02\/4-1152x1536.jpeg 1152w, https:\/\/simecautomation.com\/wp-content\/uploads\/2025\/02\/4.jpeg 1200w\" sizes=\"(max-width: 768px) 100vw, 768px\" \/>\t\t\t\t\t\t\t\t\t\t\t\t\t\t\t<\/div>\n\t\t\t\t<\/div>\n\t\t\t\t<\/div>\n\t\t\t\t\t<\/div>\n\t\t\t\t<\/div>\n\t\t<div class=\"elementor-element elementor-element-550cb07 e-flex e-con-boxed e-con e-parent\" data-id=\"550cb07\" data-element_type=\"container\">\n\t\t\t\t\t<div class=\"e-con-inner\">\n\t\t\t\t<div class=\"elementor-element elementor-element-ebf5b6a elementor-widget elementor-widget-text-editor\" data-id=\"ebf5b6a\" data-element_type=\"widget\" data-widget_type=\"text-editor.default\">\n\t\t\t\t<div class=\"elementor-widget-container\">\n\t\t\t\t\t\t\t\t\t<h3 style=\"text-align: center;\" data-start=\"1945\" data-end=\"1984\">\u00bfListo para transformar tu empresa?<\/h3><p style=\"text-align: center;\" data-start=\"1986\" data-end=\"2053\">Cont\u00e1ctanos para m\u00e1s informaci\u00f3n.<\/p>\t\t\t\t\t\t\t\t<\/div>\n\t\t\t\t<\/div>\n\t\t\t\t\t<\/div>\n\t\t\t\t<\/div>\n\t\t\t\t<\/div>\n\t\t","protected":false},"excerpt":{"rendered":"<p>Transforma tu industria con nuestra soluci\u00f3n modular avanzada: SYMMETRIC. SYMMETRIC es una plataforma desarrollada internamente que te permite optimizar y transformar tu proceso de producci\u00f3n. Con sus herramientas innovadoras, tu empresa podr\u00e1 alcanzar nuevos niveles de eficiencia y control. Herramientas clave para tu industria: Trazabilidad en tiempo real: Conoce el estado de cada proceso de [&hellip;]<\/p>\n","protected":false},"author":1,"featured_media":0,"parent":0,"menu_order":0,"comment_status":"closed","ping_status":"closed","template":"","meta":{"footnotes":""},"class_list":["post-365","page","type-page","status-publish","hentry"],"_links":{"self":[{"href":"https:\/\/simecautomation.com\/index.php\/wp-json\/wp\/v2\/pages\/365","targetHints":{"allow":["GET"]}}],"collection":[{"href":"https:\/\/simecautomation.com\/index.php\/wp-json\/wp\/v2\/pages"}],"about":[{"href":"https:\/\/simecautomation.com\/index.php\/wp-json\/wp\/v2\/types\/page"}],"author":[{"embeddable":true,"href":"https:\/\/simecautomation.com\/index.php\/wp-json\/wp\/v2\/users\/1"}],"replies":[{"embeddable":true,"href":"https:\/\/simecautomation.com\/index.php\/wp-json\/wp\/v2\/comments?post=365"}],"version-history":[{"count":28,"href":"https:\/\/simecautomation.com\/index.php\/wp-json\/wp\/v2\/pages\/365\/revisions"}],"predecessor-version":[{"id":498,"href":"https:\/\/simecautomation.com\/index.php\/wp-json\/wp\/v2\/pages\/365\/revisions\/498"}],"wp:attachment":[{"href":"https:\/\/simecautomation.com\/index.php\/wp-json\/wp\/v2\/media?parent=365"}],"curies":[{"name":"wp","href":"https:\/\/api.w.org\/{rel}","templated":true}]}}