{"id":215,"date":"2025-02-23T00:40:46","date_gmt":"2025-02-23T00:40:46","guid":{"rendered":"https:\/\/simecautomation.com\/?page_id=215"},"modified":"2025-03-19T16:24:02","modified_gmt":"2025-03-19T16:24:02","slug":"robotica","status":"publish","type":"page","link":"https:\/\/simecautomation.com\/index.php\/robotica\/","title":{"rendered":"ROB\u00d3TICA"},"content":{"rendered":"\t\t<div data-elementor-type=\"wp-page\" data-elementor-id=\"215\" class=\"elementor elementor-215\">\n\t\t\t\t<div class=\"elementor-element elementor-element-2ba64d2 e-flex e-con-boxed e-con e-parent\" data-id=\"2ba64d2\" data-element_type=\"container\">\n\t\t\t\t\t<div class=\"e-con-inner\">\n\t\t\t\t<div class=\"elementor-element elementor-element-be9bafa elementor-widget elementor-widget-text-editor\" data-id=\"be9bafa\" data-element_type=\"widget\" data-widget_type=\"text-editor.default\">\n\t\t\t\t<div class=\"elementor-widget-container\">\n\t\t\t\t\t\t\t\t\t<p>Ofrecemos soluciones personalizadas que optimizan tus procesos, mejoran la eficiencia y reducen costos. Con tecnolog\u00eda de \u00faltima generaci\u00f3n y un equipo de expertos, llevamos tus operaciones al siguiente nivel.<\/p>\t\t\t\t\t\t\t\t<\/div>\n\t\t\t\t<\/div>\n\t\t\t\t\t<\/div>\n\t\t\t\t<\/div>\n\t\t<div class=\"elementor-element elementor-element-cbfe991 e-flex e-con-boxed e-con e-parent\" data-id=\"cbfe991\" data-element_type=\"container\">\n\t\t\t\t\t<div class=\"e-con-inner\">\n\t\t<div class=\"elementor-element elementor-element-bac6b86 e-con-full e-flex e-con e-child\" data-id=\"bac6b86\" data-element_type=\"container\">\n\t\t\t\t<div class=\"elementor-element elementor-element-36aa9a9 elementor-widget elementor-widget-heading\" data-id=\"36aa9a9\" data-element_type=\"widget\" data-widget_type=\"heading.default\">\n\t\t\t\t<div class=\"elementor-widget-container\">\n\t\t\t\t\t<h2 class=\"elementor-heading-title elementor-size-default\">Estaciones RTV<\/h2>\t\t\t\t<\/div>\n\t\t\t\t<\/div>\n\t\t\t\t<div class=\"elementor-element elementor-element-12dac9b elementor-widget elementor-widget-text-editor\" data-id=\"12dac9b\" data-element_type=\"widget\" data-widget_type=\"text-editor.default\">\n\t\t\t\t<div class=\"elementor-widget-container\">\n\t\t\t\t\t\t\t\t\t<p class=\"cvGsUA direction-ltr align-start para-style-body\">Dise\u00f1amos estaciones llave en mano para el dispensado de RTV (Revestimiento de Silicona) de cualquier dimensi\u00f3n, utilizando sistemas rob\u00f3ticos avanzados. Estas estaciones est\u00e1n optimizadas para garantizar la aplicaci\u00f3n precisa de RTV en los componentes, con alta velocidad y exactitud, mejorando la calidad y reduciendo los tiempos de ciclo.<\/p>\t\t\t\t\t\t\t\t<\/div>\n\t\t\t\t<\/div>\n\t\t\t\t<div class=\"elementor-element elementor-element-ab96948 elementor-widget elementor-widget-heading\" data-id=\"ab96948\" data-element_type=\"widget\" data-widget_type=\"heading.default\">\n\t\t\t\t<div class=\"elementor-widget-container\">\n\t\t\t\t\t<h2 class=\"elementor-heading-title elementor-size-default\">Material Handling\n<\/h2>\t\t\t\t<\/div>\n\t\t\t\t<\/div>\n\t\t\t\t<div class=\"elementor-element elementor-element-fccda4b elementor-widget elementor-widget-text-editor\" data-id=\"fccda4b\" data-element_type=\"widget\" data-widget_type=\"text-editor.default\">\n\t\t\t\t<div class=\"elementor-widget-container\">\n\t\t\t\t\t\t\t\t\t<p class=\"cvGsUA direction-ltr align-start para-style-body\">Nos especializamos en el dise\u00f1o de celdas llave en mano para el manejo de materiales, enfoc\u00e1ndonos en alcanzar tolerancias m\u00ednimas en los sistemas de manipulaci\u00f3n. Estas soluciones est\u00e1n dise\u00f1adas para facilitar el transporte y la organizaci\u00f3n de materiales en entornos industriales, mejorando la eficiencia y reduciendo los errores de manipulaci\u00f3n.<\/p>\t\t\t\t\t\t\t\t<\/div>\n\t\t\t\t<\/div>\n\t\t\t\t<div class=\"elementor-element elementor-element-5ce7535 elementor-widget elementor-widget-heading\" data-id=\"5ce7535\" data-element_type=\"widget\" data-widget_type=\"heading.default\">\n\t\t\t\t<div class=\"elementor-widget-container\">\n\t\t\t\t\t<h2 class=\"elementor-heading-title elementor-size-default\">Welding process<\/h2>\t\t\t\t<\/div>\n\t\t\t\t<\/div>\n\t\t\t\t<div class=\"elementor-element elementor-element-5a09d1b elementor-widget elementor-widget-text-editor\" data-id=\"5a09d1b\" data-element_type=\"widget\" data-widget_type=\"text-editor.default\">\n\t\t\t\t<div class=\"elementor-widget-container\">\n\t\t\t\t\t\t\t\t\t<p>Ofrecemos el dise\u00f1o de celdas llave en mano para procesos de soldadura con robots industriales. Estas estaciones de soldadura automatizadas est\u00e1n pensadas para mejorar la precisi\u00f3n, la velocidad y la seguridad en los procesos de uni\u00f3n de materiales, utilizando robots industriales de alta tecnolog\u00eda para alcanzar los m\u00e1s altos est\u00e1ndares de calidad.<\/p>\t\t\t\t\t\t\t\t<\/div>\n\t\t\t\t<\/div>\n\t\t\t\t<div class=\"elementor-element elementor-element-cd6e41f elementor-widget elementor-widget-heading\" data-id=\"cd6e41f\" data-element_type=\"widget\" data-widget_type=\"heading.default\">\n\t\t\t\t<div class=\"elementor-widget-container\">\n\t\t\t\t\t<h2 class=\"elementor-heading-title elementor-size-default\">Estaciones  de prueba\n\n<\/h2>\t\t\t\t<\/div>\n\t\t\t\t<\/div>\n\t\t\t\t<div class=\"elementor-element elementor-element-55bdc44 elementor-widget elementor-widget-text-editor\" data-id=\"55bdc44\" data-element_type=\"widget\" data-widget_type=\"text-editor.default\">\n\t\t\t\t<div class=\"elementor-widget-container\">\n\t\t\t\t\t\t\t\t\t<p>Dise\u00f1amos estaciones de prueba para la completa capacitaci\u00f3n del personal, garantizando que los operarios adquieran las habilidades necesarias para operar y mantener los sistemas de automatizaci\u00f3n. Estas estaciones est\u00e1n equipadas con simulaciones realistas de procesos industriales, lo que permite una formaci\u00f3n pr\u00e1ctica y efectiva.<\/p>\t\t\t\t\t\t\t\t<\/div>\n\t\t\t\t<\/div>\n\t\t\t\t<div class=\"elementor-element elementor-element-212a2ea elementor-widget elementor-widget-heading\" data-id=\"212a2ea\" data-element_type=\"widget\" data-widget_type=\"heading.default\">\n\t\t\t\t<div class=\"elementor-widget-container\">\n\t\t\t\t\t<h2 class=\"elementor-heading-title elementor-size-default\">Soporte rob\u00f3tico en general y simulaciones offline\n<\/h2>\t\t\t\t<\/div>\n\t\t\t\t<\/div>\n\t\t\t\t<div class=\"elementor-element elementor-element-5256234 elementor-widget elementor-widget-text-editor\" data-id=\"5256234\" data-element_type=\"widget\" data-widget_type=\"text-editor.default\">\n\t\t\t\t<div class=\"elementor-widget-container\">\n\t\t\t\t\t\t\t\t\t<p>Brindamos soporte de calidad en sistemas rob\u00f3ticos, trabajando con marcas de renombre como <strong data-start=\"2227\" data-end=\"2234\">ABB<\/strong>, <strong data-start=\"2236\" data-end=\"2245\">FANUC<\/strong> y <strong data-start=\"2248\" data-end=\"2256\">KUKA<\/strong>. Adem\u00e1s, ofrecemos simulaciones offline, lo que permite predecir y optimizar el rendimiento de los sistemas rob\u00f3ticos antes de su implementaci\u00f3n en el entorno real. Nuestro soporte incluye la programaci\u00f3n, integraci\u00f3n y mantenimiento de los robots, asegurando su m\u00e1ximo rendimiento.<\/p>\t\t\t\t\t\t\t\t<\/div>\n\t\t\t\t<\/div>\n\t\t\t\t<\/div>\n\t\t<div class=\"elementor-element elementor-element-4329149 e-con-full e-flex e-con e-child\" data-id=\"4329149\" data-element_type=\"container\">\n\t\t<div class=\"elementor-element elementor-element-d98efc3 e-con-full e-flex e-con e-child\" data-id=\"d98efc3\" data-element_type=\"container\">\n\t\t\t\t<div class=\"elementor-element elementor-element-1e247ae elementor-widget elementor-widget-image\" data-id=\"1e247ae\" data-element_type=\"widget\" data-widget_type=\"image.default\">\n\t\t\t\t<div class=\"elementor-widget-container\">\n\t\t\t\t\t\t\t\t\t\t\t\t\t\t\t<img fetchpriority=\"high\" decoding=\"async\" width=\"827\" height=\"1024\" src=\"https:\/\/simecautomation.com\/wp-content\/uploads\/2025\/02\/PHOTO-2024-08-27-10-02-00-2-827x1024.jpg\" class=\"attachment-large size-large wp-image-280\" alt=\"\" srcset=\"https:\/\/simecautomation.com\/wp-content\/uploads\/2025\/02\/PHOTO-2024-08-27-10-02-00-2-827x1024.jpg 827w, https:\/\/simecautomation.com\/wp-content\/uploads\/2025\/02\/PHOTO-2024-08-27-10-02-00-2-242x300.jpg 242w, https:\/\/simecautomation.com\/wp-content\/uploads\/2025\/02\/PHOTO-2024-08-27-10-02-00-2-768x951.jpg 768w, https:\/\/simecautomation.com\/wp-content\/uploads\/2025\/02\/PHOTO-2024-08-27-10-02-00-2.jpg 1009w\" sizes=\"(max-width: 827px) 100vw, 827px\" \/>\t\t\t\t\t\t\t\t\t\t\t\t\t\t\t<\/div>\n\t\t\t\t<\/div>\n\t\t\t\t<\/div>\n\t\t<div class=\"elementor-element elementor-element-dd567d1 e-con-full e-flex e-con e-child\" data-id=\"dd567d1\" data-element_type=\"container\">\n\t\t\t\t<div class=\"elementor-element elementor-element-adceb4c elementor-widget elementor-widget-image\" data-id=\"adceb4c\" data-element_type=\"widget\" data-widget_type=\"image.default\">\n\t\t\t\t<div class=\"elementor-widget-container\">\n\t\t\t\t\t\t\t\t\t\t\t\t\t\t\t<img decoding=\"async\" width=\"768\" height=\"1024\" src=\"https:\/\/simecautomation.com\/wp-content\/uploads\/2025\/02\/6-768x1024.jpeg\" class=\"attachment-large size-large wp-image-281\" alt=\"\" srcset=\"https:\/\/simecautomation.com\/wp-content\/uploads\/2025\/02\/6-768x1024.jpeg 768w, https:\/\/simecautomation.com\/wp-content\/uploads\/2025\/02\/6-225x300.jpeg 225w, https:\/\/simecautomation.com\/wp-content\/uploads\/2025\/02\/6-1152x1536.jpeg 1152w, https:\/\/simecautomation.com\/wp-content\/uploads\/2025\/02\/6.jpeg 1200w\" sizes=\"(max-width: 768px) 100vw, 768px\" \/>\t\t\t\t\t\t\t\t\t\t\t\t\t\t\t<\/div>\n\t\t\t\t<\/div>\n\t\t\t\t<div class=\"elementor-element elementor-element-4d7589b elementor-widget elementor-widget-image\" data-id=\"4d7589b\" data-element_type=\"widget\" data-widget_type=\"image.default\">\n\t\t\t\t<div class=\"elementor-widget-container\">\n\t\t\t\t\t\t\t\t\t\t\t\t\t\t\t<img decoding=\"async\" width=\"768\" height=\"1024\" src=\"https:\/\/simecautomation.com\/wp-content\/uploads\/2025\/02\/87-768x1024.jpeg\" class=\"attachment-large size-large wp-image-254\" alt=\"\" srcset=\"https:\/\/simecautomation.com\/wp-content\/uploads\/2025\/02\/87-768x1024.jpeg 768w, https:\/\/simecautomation.com\/wp-content\/uploads\/2025\/02\/87-225x300.jpeg 225w, https:\/\/simecautomation.com\/wp-content\/uploads\/2025\/02\/87-1152x1536.jpeg 1152w, https:\/\/simecautomation.com\/wp-content\/uploads\/2025\/02\/87.jpeg 1200w\" sizes=\"(max-width: 768px) 100vw, 768px\" \/>\t\t\t\t\t\t\t\t\t\t\t\t\t\t\t<\/div>\n\t\t\t\t<\/div>\n\t\t\t\t<div class=\"elementor-element elementor-element-b8c10e9 elementor-widget elementor-widget-image\" data-id=\"b8c10e9\" data-element_type=\"widget\" data-widget_type=\"image.default\">\n\t\t\t\t<div class=\"elementor-widget-container\">\n\t\t\t\t\t\t\t\t\t\t\t\t\t\t\t<img loading=\"lazy\" decoding=\"async\" width=\"1024\" height=\"768\" src=\"https:\/\/simecautomation.com\/wp-content\/uploads\/2025\/02\/71-1024x768.jpeg\" class=\"attachment-large size-large wp-image-248\" alt=\"\" srcset=\"https:\/\/simecautomation.com\/wp-content\/uploads\/2025\/02\/71-1024x768.jpeg 1024w, https:\/\/simecautomation.com\/wp-content\/uploads\/2025\/02\/71-300x225.jpeg 300w, https:\/\/simecautomation.com\/wp-content\/uploads\/2025\/02\/71-768x576.jpeg 768w, https:\/\/simecautomation.com\/wp-content\/uploads\/2025\/02\/71-1536x1152.jpeg 1536w, https:\/\/simecautomation.com\/wp-content\/uploads\/2025\/02\/71.jpeg 1600w\" sizes=\"(max-width: 1024px) 100vw, 1024px\" \/>\t\t\t\t\t\t\t\t\t\t\t\t\t\t\t<\/div>\n\t\t\t\t<\/div>\n\t\t\t\t<\/div>\n\t\t\t\t<\/div>\n\t\t\t\t\t<\/div>\n\t\t\t\t<\/div>\n\t\t<div class=\"elementor-element elementor-element-6617b8c e-flex e-con-boxed e-con e-parent\" data-id=\"6617b8c\" data-element_type=\"container\">\n\t\t\t\t\t<div class=\"e-con-inner\">\n\t\t\t\t\t<\/div>\n\t\t\t\t<\/div>\n\t\t\t\t<\/div>\n\t\t","protected":false},"excerpt":{"rendered":"<p>Ofrecemos soluciones personalizadas que optimizan tus procesos, mejoran la eficiencia y reducen costos. Con tecnolog\u00eda de \u00faltima generaci\u00f3n y un equipo de expertos, llevamos tus operaciones al siguiente nivel. Estaciones RTV Dise\u00f1amos estaciones llave en mano para el dispensado de RTV (Revestimiento de Silicona) de cualquier dimensi\u00f3n, utilizando sistemas rob\u00f3ticos avanzados. Estas estaciones est\u00e1n optimizadas [&hellip;]<\/p>\n","protected":false},"author":1,"featured_media":0,"parent":0,"menu_order":0,"comment_status":"closed","ping_status":"closed","template":"","meta":{"footnotes":""},"class_list":["post-215","page","type-page","status-publish","hentry"],"_links":{"self":[{"href":"https:\/\/simecautomation.com\/index.php\/wp-json\/wp\/v2\/pages\/215","targetHints":{"allow":["GET"]}}],"collection":[{"href":"https:\/\/simecautomation.com\/index.php\/wp-json\/wp\/v2\/pages"}],"about":[{"href":"https:\/\/simecautomation.com\/index.php\/wp-json\/wp\/v2\/types\/page"}],"author":[{"embeddable":true,"href":"https:\/\/simecautomation.com\/index.php\/wp-json\/wp\/v2\/users\/1"}],"replies":[{"embeddable":true,"href":"https:\/\/simecautomation.com\/index.php\/wp-json\/wp\/v2\/comments?post=215"}],"version-history":[{"count":22,"href":"https:\/\/simecautomation.com\/index.php\/wp-json\/wp\/v2\/pages\/215\/revisions"}],"predecessor-version":[{"id":536,"href":"https:\/\/simecautomation.com\/index.php\/wp-json\/wp\/v2\/pages\/215\/revisions\/536"}],"wp:attachment":[{"href":"https:\/\/simecautomation.com\/index.php\/wp-json\/wp\/v2\/media?parent=215"}],"curies":[{"name":"wp","href":"https:\/\/api.w.org\/{rel}","templated":true}]}}