{"id":149,"date":"2025-02-23T00:37:34","date_gmt":"2025-02-23T00:37:34","guid":{"rendered":"https:\/\/simecautomation.com\/?page_id=149"},"modified":"2025-03-19T16:26:49","modified_gmt":"2025-03-19T16:26:49","slug":"ensamble","status":"publish","type":"page","link":"https:\/\/simecautomation.com\/index.php\/ensamble\/","title":{"rendered":"ENSAMBLE"},"content":{"rendered":"\t\t<div data-elementor-type=\"wp-page\" data-elementor-id=\"149\" class=\"elementor elementor-149\">\n\t\t\t\t<div class=\"elementor-element elementor-element-29cf302 e-flex e-con-boxed e-con e-parent\" data-id=\"29cf302\" data-element_type=\"container\">\n\t\t\t\t\t<div class=\"e-con-inner\">\n\t\t<div class=\"elementor-element elementor-element-9da30f9 e-con-full e-flex e-con e-child\" data-id=\"9da30f9\" data-element_type=\"container\">\n\t\t\t\t<div class=\"elementor-element elementor-element-5c6e374 elementor-widget elementor-widget-heading\" data-id=\"5c6e374\" data-element_type=\"widget\" data-widget_type=\"heading.default\">\n\t\t\t\t<div class=\"elementor-widget-container\">\n\t\t\t\t\t<h2 class=\"elementor-heading-title elementor-size-default\">Estaci\u00f3n de ensamble\n\n\n\n<\/h2>\t\t\t\t<\/div>\n\t\t\t\t<\/div>\n\t\t\t\t<div class=\"elementor-element elementor-element-6dd7cf4 elementor-widget elementor-widget-text-editor\" data-id=\"6dd7cf4\" data-element_type=\"widget\" data-widget_type=\"text-editor.default\">\n\t\t\t\t<div class=\"elementor-widget-container\">\n\t\t\t\t\t\t\t\t\t<p data-start=\"152\" data-end=\"532\">Dise\u00f1amos estaciones de ensamble personalizadas, adaptadas a las especificaciones y necesidades de nuestros clientes, asegurando un ensamblaje preciso, eficiente y de alta calidad.<\/p><p data-start=\"534\" data-end=\"894\">Cada estaci\u00f3n de ensamble que desarrollamos integra las \u00faltimas tecnolog\u00edas, combinando sistemas mec\u00e1nicos, el\u00e9ctricos, neum\u00e1ticos y rob\u00f3ticos. Esto permite un flujo de trabajo automatizado que minimiza el tiempo de ciclo y reduce el riesgo de errores, garantizando una mayor consistencia en la producci\u00f3n y una mejora significativa en la eficiencia operativa.<\/p><p data-start=\"896\" data-end=\"1223\">Nuestro enfoque de <strong data-start=\"915\" data-end=\"941\">sistemas llave en mano<\/strong> abarca todo el proceso: desde el dise\u00f1o inicial, pasando por la fabricaci\u00f3n e integraci\u00f3n, hasta la puesta en marcha y el soporte post-instalaci\u00f3n. Esto permite a nuestros clientes contar con una soluci\u00f3n completamente funcional desde el primer d\u00eda, sin preocupaciones adicionales.<\/p>\t\t\t\t\t\t\t\t<\/div>\n\t\t\t\t<\/div>\n\t\t\t\t<\/div>\n\t\t<div class=\"elementor-element elementor-element-e11a889 e-con-full e-flex e-con e-child\" data-id=\"e11a889\" data-element_type=\"container\">\n\t\t\t\t<div class=\"elementor-element elementor-element-c150a69 elementor-widget elementor-widget-image\" data-id=\"c150a69\" data-element_type=\"widget\" data-widget_type=\"image.default\">\n\t\t\t\t<div class=\"elementor-widget-container\">\n\t\t\t\t\t\t\t\t\t\t\t\t\t\t\t<img fetchpriority=\"high\" decoding=\"async\" width=\"1024\" height=\"768\" src=\"https:\/\/simecautomation.com\/wp-content\/uploads\/2025\/02\/71-1024x768.jpeg\" class=\"attachment-large size-large wp-image-248\" alt=\"\" srcset=\"https:\/\/simecautomation.com\/wp-content\/uploads\/2025\/02\/71-1024x768.jpeg 1024w, https:\/\/simecautomation.com\/wp-content\/uploads\/2025\/02\/71-300x225.jpeg 300w, https:\/\/simecautomation.com\/wp-content\/uploads\/2025\/02\/71-768x576.jpeg 768w, https:\/\/simecautomation.com\/wp-content\/uploads\/2025\/02\/71-1536x1152.jpeg 1536w, https:\/\/simecautomation.com\/wp-content\/uploads\/2025\/02\/71.jpeg 1600w\" sizes=\"(max-width: 1024px) 100vw, 1024px\" \/>\t\t\t\t\t\t\t\t\t\t\t\t\t\t\t<\/div>\n\t\t\t\t<\/div>\n\t\t\t\t<div class=\"elementor-element elementor-element-b078354 elementor-widget elementor-widget-image\" data-id=\"b078354\" data-element_type=\"widget\" data-widget_type=\"image.default\">\n\t\t\t\t<div class=\"elementor-widget-container\">\n\t\t\t\t\t\t\t\t\t\t\t\t\t\t\t<img decoding=\"async\" width=\"768\" height=\"1024\" src=\"https:\/\/simecautomation.com\/wp-content\/uploads\/2025\/03\/7-768x1024.jpeg\" class=\"attachment-large size-large wp-image-351\" alt=\"\" srcset=\"https:\/\/simecautomation.com\/wp-content\/uploads\/2025\/03\/7-768x1024.jpeg 768w, https:\/\/simecautomation.com\/wp-content\/uploads\/2025\/03\/7-225x300.jpeg 225w, https:\/\/simecautomation.com\/wp-content\/uploads\/2025\/03\/7-1152x1536.jpeg 1152w, https:\/\/simecautomation.com\/wp-content\/uploads\/2025\/03\/7.jpeg 1200w\" sizes=\"(max-width: 768px) 100vw, 768px\" \/>\t\t\t\t\t\t\t\t\t\t\t\t\t\t\t<\/div>\n\t\t\t\t<\/div>\n\t\t\t\t<\/div>\n\t\t\t\t\t<\/div>\n\t\t\t\t<\/div>\n\t\t\t\t<\/div>\n\t\t","protected":false},"excerpt":{"rendered":"<p>Estaci\u00f3n de ensamble Dise\u00f1amos estaciones de ensamble personalizadas, adaptadas a las especificaciones y necesidades de nuestros clientes, asegurando un ensamblaje preciso, eficiente y de alta calidad. Cada estaci\u00f3n de ensamble que desarrollamos integra las \u00faltimas tecnolog\u00edas, combinando sistemas mec\u00e1nicos, el\u00e9ctricos, neum\u00e1ticos y rob\u00f3ticos. Esto permite un flujo de trabajo automatizado que minimiza el tiempo de [&hellip;]<\/p>\n","protected":false},"author":1,"featured_media":0,"parent":0,"menu_order":0,"comment_status":"closed","ping_status":"closed","template":"","meta":{"footnotes":""},"class_list":["post-149","page","type-page","status-publish","hentry"],"_links":{"self":[{"href":"https:\/\/simecautomation.com\/index.php\/wp-json\/wp\/v2\/pages\/149","targetHints":{"allow":["GET"]}}],"collection":[{"href":"https:\/\/simecautomation.com\/index.php\/wp-json\/wp\/v2\/pages"}],"about":[{"href":"https:\/\/simecautomation.com\/index.php\/wp-json\/wp\/v2\/types\/page"}],"author":[{"embeddable":true,"href":"https:\/\/simecautomation.com\/index.php\/wp-json\/wp\/v2\/users\/1"}],"replies":[{"embeddable":true,"href":"https:\/\/simecautomation.com\/index.php\/wp-json\/wp\/v2\/comments?post=149"}],"version-history":[{"count":14,"href":"https:\/\/simecautomation.com\/index.php\/wp-json\/wp\/v2\/pages\/149\/revisions"}],"predecessor-version":[{"id":539,"href":"https:\/\/simecautomation.com\/index.php\/wp-json\/wp\/v2\/pages\/149\/revisions\/539"}],"wp:attachment":[{"href":"https:\/\/simecautomation.com\/index.php\/wp-json\/wp\/v2\/media?parent=149"}],"curies":[{"name":"wp","href":"https:\/\/api.w.org\/{rel}","templated":true}]}}