{"id":108,"date":"2025-02-21T18:35:29","date_gmt":"2025-02-21T18:35:29","guid":{"rendered":"https:\/\/simecautomation.com\/?page_id=108"},"modified":"2025-03-19T15:51:33","modified_gmt":"2025-03-19T15:51:33","slug":"quienes-somos","status":"publish","type":"page","link":"https:\/\/simecautomation.com\/index.php\/quienes-somos\/","title":{"rendered":"\u00bfQUIENES SOMOS?"},"content":{"rendered":"\t\t<div data-elementor-type=\"wp-page\" data-elementor-id=\"108\" class=\"elementor elementor-108\">\n\t\t\t\t<div class=\"elementor-element elementor-element-0981171 e-flex e-con-boxed e-con e-parent\" data-id=\"0981171\" data-element_type=\"container\">\n\t\t\t\t\t<div class=\"e-con-inner\">\n\t\t\t\t<div class=\"elementor-element elementor-element-1f77386 elementor-widget elementor-widget-text-editor\" data-id=\"1f77386\" data-element_type=\"widget\" data-widget_type=\"text-editor.default\">\n\t\t\t\t<div class=\"elementor-widget-container\">\n\t\t\t\t\t\t\t\t\t<p><strong>Somos una empresa mexicana con m\u00e1s de 10 a\u00f1os de experiencia dedicada a la soluci\u00f3n y\/o soporte de proyectos de Ingenier\u00eda Mecatr\u00f3nica<\/strong>.<\/p>\n<p><!-- \/wp:spacer --><!-- wp:site-logo {\"width\":879,\"align\":\"center\"} \/--><\/p>\t\t\t\t\t\t\t\t<\/div>\n\t\t\t\t<\/div>\n\t\t\t\t<div class=\"elementor-element elementor-element-8fb2231 elementor-widget elementor-widget-image\" data-id=\"8fb2231\" data-element_type=\"widget\" data-widget_type=\"image.default\">\n\t\t\t\t<div class=\"elementor-widget-container\">\n\t\t\t\t\t\t\t\t\t\t\t\t\t\t\t<img fetchpriority=\"high\" decoding=\"async\" width=\"1024\" height=\"149\" src=\"https:\/\/simecautomation.com\/wp-content\/uploads\/2025\/02\/SIMEC-Letras-Rojo-1-1024x149.png\" class=\"attachment-large size-large wp-image-7\" alt=\"\" srcset=\"https:\/\/simecautomation.com\/wp-content\/uploads\/2025\/02\/SIMEC-Letras-Rojo-1-1024x149.png 1024w, https:\/\/simecautomation.com\/wp-content\/uploads\/2025\/02\/SIMEC-Letras-Rojo-1-300x44.png 300w, https:\/\/simecautomation.com\/wp-content\/uploads\/2025\/02\/SIMEC-Letras-Rojo-1-768x112.png 768w, https:\/\/simecautomation.com\/wp-content\/uploads\/2025\/02\/SIMEC-Letras-Rojo-1.png 1276w\" sizes=\"(max-width: 1024px) 100vw, 1024px\" \/>\t\t\t\t\t\t\t\t\t\t\t\t\t\t\t<\/div>\n\t\t\t\t<\/div>\n\t\t\t\t<div class=\"elementor-element elementor-element-378957e elementor-widget-divider--view-line elementor-widget elementor-widget-divider\" data-id=\"378957e\" data-element_type=\"widget\" data-widget_type=\"divider.default\">\n\t\t\t\t<div class=\"elementor-widget-container\">\n\t\t\t\t\t\t\t<div class=\"elementor-divider\">\n\t\t\t<span class=\"elementor-divider-separator\">\n\t\t\t\t\t\t<\/span>\n\t\t<\/div>\n\t\t\t\t\t\t<\/div>\n\t\t\t\t<\/div>\n\t\t\t\t\t<\/div>\n\t\t\t\t<\/div>\n\t\t<div class=\"elementor-element elementor-element-64d7681 e-flex e-con-boxed e-con e-parent\" data-id=\"64d7681\" data-element_type=\"container\">\n\t\t\t\t\t<div class=\"e-con-inner\">\n\t\t<div class=\"elementor-element elementor-element-ff9c367 e-con-full e-flex e-con e-child\" data-id=\"ff9c367\" data-element_type=\"container\">\n\t\t\t\t<div class=\"elementor-element elementor-element-c7dc8a6 elementor-widget elementor-widget-text-editor\" data-id=\"c7dc8a6\" data-element_type=\"widget\" data-widget_type=\"text-editor.default\">\n\t\t\t\t<div class=\"elementor-widget-container\">\n\t\t\t\t\t\t\t\t\t<p><strong>Misi\u00f3n<\/strong><\/p>\n<p><!-- \/wp:paragraph --><!-- wp:paragraph --><\/p>\n<p>Nuestra misi\u00f3n es proporcionar soluciones innovadoras en automatizaci\u00f3n, optimizando procesos industriales, mejorando la productividad y garantizando calidad. Integramos tecnolog\u00edas avanzadas y un enfoque personalizado para transformar industrias, impulsando la eficiencia, competitividad y sostenibilidad de nuestros clientes.<\/p>\t\t\t\t\t\t\t\t<\/div>\n\t\t\t\t<\/div>\n\t\t\t\t<\/div>\n\t\t<div class=\"elementor-element elementor-element-a864bcd e-con-full e-flex e-con e-child\" data-id=\"a864bcd\" data-element_type=\"container\">\n\t\t\t\t<div class=\"elementor-element elementor-element-7e10be1 elementor-widget elementor-widget-text-editor\" data-id=\"7e10be1\" data-element_type=\"widget\" data-widget_type=\"text-editor.default\">\n\t\t\t\t<div class=\"elementor-widget-container\">\n\t\t\t\t\t\t\t\t\t<p><strong>Visi\u00f3n<\/strong><\/p>\n<p><!-- \/wp:paragraph --><!-- wp:paragraph --><\/p>\n<p>Buscamos ser l\u00edderes en automatizaci\u00f3n, desarrollando soluciones inteligentes que transformen la manufactura del futuro, optimicen procesos y fomenten un entorno de trabajo seguro, sostenible y adaptable al mercado global.<\/p>\n<p><!-- \/wp:paragraph --><!-- wp:spacer {\"height\":\"44px\"} --><\/p>\n<div class=\"wp-block-spacer\" style=\"height: 44px;\" aria-hidden=\"true\">\u00a0<\/div>\t\t\t\t\t\t\t\t<\/div>\n\t\t\t\t<\/div>\n\t\t\t\t<\/div>\n\t\t\t\t\t<\/div>\n\t\t\t\t<\/div>\n\t\t<div class=\"elementor-element elementor-element-43563d43 e-flex e-con-boxed e-con e-parent\" data-id=\"43563d43\" data-element_type=\"container\">\n\t\t\t\t\t<div class=\"e-con-inner\">\n\t\t\t\t<div class=\"elementor-element elementor-element-a6a11c6 elementor-widget-divider--view-line elementor-widget elementor-widget-divider\" data-id=\"a6a11c6\" data-element_type=\"widget\" data-widget_type=\"divider.default\">\n\t\t\t\t<div class=\"elementor-widget-container\">\n\t\t\t\t\t\t\t<div class=\"elementor-divider\">\n\t\t\t<span class=\"elementor-divider-separator\">\n\t\t\t\t\t\t<\/span>\n\t\t<\/div>\n\t\t\t\t\t\t<\/div>\n\t\t\t\t<\/div>\n\t\t\t\t\t<\/div>\n\t\t\t\t<\/div>\n\t\t<div class=\"elementor-element elementor-element-e76ecd5 e-flex e-con-boxed e-con e-parent\" data-id=\"e76ecd5\" data-element_type=\"container\">\n\t\t\t\t\t<div class=\"e-con-inner\">\n\t\t\t\t\t<\/div>\n\t\t\t\t<\/div>\n\t\t\t\t<\/div>\n\t\t","protected":false},"excerpt":{"rendered":"<p>Somos una empresa mexicana con m\u00e1s de 10 a\u00f1os de experiencia dedicada a la soluci\u00f3n y\/o soporte de proyectos de Ingenier\u00eda Mecatr\u00f3nica. Misi\u00f3n Nuestra misi\u00f3n es proporcionar soluciones innovadoras en automatizaci\u00f3n, optimizando procesos industriales, mejorando la productividad y garantizando calidad. Integramos tecnolog\u00edas avanzadas y un enfoque personalizado para transformar industrias, impulsando la eficiencia, competitividad y [&hellip;]<\/p>\n","protected":false},"author":1,"featured_media":0,"parent":0,"menu_order":0,"comment_status":"closed","ping_status":"closed","template":"","meta":{"footnotes":""},"class_list":["post-108","page","type-page","status-publish","hentry"],"_links":{"self":[{"href":"https:\/\/simecautomation.com\/index.php\/wp-json\/wp\/v2\/pages\/108","targetHints":{"allow":["GET"]}}],"collection":[{"href":"https:\/\/simecautomation.com\/index.php\/wp-json\/wp\/v2\/pages"}],"about":[{"href":"https:\/\/simecautomation.com\/index.php\/wp-json\/wp\/v2\/types\/page"}],"author":[{"embeddable":true,"href":"https:\/\/simecautomation.com\/index.php\/wp-json\/wp\/v2\/users\/1"}],"replies":[{"embeddable":true,"href":"https:\/\/simecautomation.com\/index.php\/wp-json\/wp\/v2\/comments?post=108"}],"version-history":[{"count":27,"href":"https:\/\/simecautomation.com\/index.php\/wp-json\/wp\/v2\/pages\/108\/revisions"}],"predecessor-version":[{"id":503,"href":"https:\/\/simecautomation.com\/index.php\/wp-json\/wp\/v2\/pages\/108\/revisions\/503"}],"wp:attachment":[{"href":"https:\/\/simecautomation.com\/index.php\/wp-json\/wp\/v2\/media?parent=108"}],"curies":[{"name":"wp","href":"https:\/\/api.w.org\/{rel}","templated":true}]}}